erivative of u**4/4 + 11*u**3/3 - 7*u**2 + 4*u + 6. What is the remainder when 82/(-3)*(6 - 9 - 0) is divided by p(-12)?
26
Suppose -109*j + 120624 = -646409. Calculate the remainder when j is divided by 20.
17
Suppose -3*o = 3*l - 651, -51*o + 53*o + 442 = 2*l. Calculate the remainder when l is divided by 216.
3
Let h = -99 + 226. Suppose 40 = -d + h. What is the remainder when d is divided by 33?
21
Let f be 1*(-65)/(-10)*16. Suppose 5*n = 5*j + 140 + 120, 2*n - j - f = 0. Calculate the remainder when 207 is divided by n.
51
Let k(g) = -5*g**3 - 14*g**2 - 167*g - 1464. What is the remainder when k(-11) is divided by 81?
69
What is the remainder when 2760 is divided by (-4)/((-32)/188) - (1 + (-75)/30)?
10
Suppose -2*z = -j + 1743, 2*z + 3986 = -5*j + 12761. What is the remainder when j is divided by 874?
5
Suppose r + 8 = -3*m, 2*r + 1 - 29 = 5*m. What is the remainder when 24 is divided by 1*6/(-3)*14/m?
3
Let n = -381 - -246. Let r = 168 + n. Calculate the remainder when r is divided by 19.
14
Let i(p) = -11*p**3 - 15*p**2 + 15*p - 1. Calculate the remainder when 2076 is divided by i(-3).
104
Let i(j) = j + 26. Let w(n) = -5*n. Let v be w(-8). Suppose -v = -5*g + 3*r, 4*g - g = 5*r + 8. Calculate the remainder when i(5) is divided by g.
9
Let w = -5078 - -5176. Calculate the remainder when 401 is divided by w.
9
Let c = 410 + -484. Calculate the remainder when 107 is divided by (-8 - -12)/((-8)/c).
33
Let r(x) be the third derivative of -x**5/15 - 19*x**4/12 - x**3/6 + 27*x**2 + x. What is the remainder when r(-9) is divided by 7?
3
Let n = -2504 - -8278. Calculate the remainder when n is divided by 21.
20
Suppose 5*h - 6 = 9. Suppose 2*a + r - 112 = -a, -h*r - 96 = -3*a. Calculate the remainder when a is divided by 19.
17
Suppose 6*a = -g + 3*a - 6, 3*a = -5*g + 6. Suppose x = 5*r + 3 + 203, g*x = 4*r + 651. What is the remainder when x is divided by 7?
4
Let q = -6023 - -6269. What is the remainder when 691 is divided by q?
199
Calculate the remainder when 162 is divided by ((-213)/21)/(138/(-966)).
20
What is the remainder when (3 - 9)/((-38)/3344) is divided by 139?
111
Let g(s) be the second derivative of 53*s**4/12 + 7*s**3/2 + 19*s**2/2 + 112*s + 2. What is the remainder when 404 is divided by g(-1)?
47
Let k(g) = -g**3 + 14*g**2 + 78*g - 26. Calculate the remainder when 634 is divided by k(-5).
44
Let o = 85 + -612. Let t = o + 568. What is the remainder when 77 is divided by t?
36
Let h = 16441 + -16093. Calculate the remainder when 697 is divided by h.
1
Suppose 3*o + 12 = -0*o, 5*v - 137 = 3*o. Let f = 15 + v. Suppose 0 = -f*q + 43*q - 30. Calculate the remainder when 49 is divided by q.
9
Suppose 4*h = -2*t + 10, 0 = -3*t - 5*h + 286 - 266. Let p = 200 - -72. Suppose -2*b = k - 69 - 42, 5*b = 3*k + p. What is the remainder when b is divided by t?
10
Let q(a) = -a**3 + 17*a**2 - 15*a - 4. Let c be q(16). Calculate the remainder when 7 is divided by 71/c - (-52)/624.
1
Suppose 14*f - 32*f + 2986 = -254. What is the remainder when 1086 is divided by f?
6
Suppose 29*w - 25354 = 109409. Calculate the remainder when w is divided by 83.
82
Suppose -5*i + 2*a + 155 = 0, -4*a + 471 = 3*i + 378. Suppose 0 = 4*k - k - 21. Suppose i = 3*y + k. What is the remainder when 14 is divided by y?
6
Suppose 0*x - 540 = 6*x. Let o = -73 - x. Suppose 4*a + 2*t - 58 - 198 = 0, 3*t = a - 71. What is the remainder when a is divided by o?
14
Suppose 260*z - 256*z - 4*u - 1336 = 0, 0 = 4*z + 5*u - 1318. What is the remainder when z is divided by 92?
56
Let z = 10496 - 9678. What is the remainder when z is divided by 61?
25
Let k be (116 + 0)*(-60)/(-24). Let d(c) = c**2 + 5*c - 1. Calculate the remainder when 1/(5/k) - -4 is divided by d(-7).
10
Let p be (372/8)/(3*(-3)/(-18)). Let d = p - 41. Calculate the remainder when d is divided by 19.
14
Suppose -7*n + 2034 = 5*n + 6*n. What is the remainder when 7003 is divided by n?
110
Let j(x) = -30*x + 19. Let n be j(1). What is the remainder when 168 is divided by (-2)/11 + (-4 - 233/n)?
15
Suppose -4*f + 645 = 5*x, -3*f - 680 = -5*x - 0*f. Suppose 8*p = p + x. Calculate the remainder when -30*((-6)/(-40))/((-6)/72) is divided by p.
16
Suppose 2*z = 3*z - 2. Suppose -13 - 25 = -z*n. Let h = -161380 - -161385. What is the remainder when n is divided by h?
4
Let t(c) = -2*c**3 + 13*c**2 + c + 13. Suppose -4*s - 8 = -2*z, 5*z + s = 27 + 37. Calculate the remainder when t(6) is divided by z.
7
Suppose 0 = -935*w + 5242 + 11588. What is the remainder when (-1446)/(-14) - 2/7 is divided by w?
13
Suppose -343*y + 62163 = -7952 - 24210. What is the remainder when y is divided by 77?
44
Suppose -p - 14 = -0. What is the remainder when (16 + p)*(-87)/(-6) is divided by 6?
5
Let b(k) = 20*k - 1. Suppose 1958 = 61*n - 1458. What is the remainder when n is divided by b(1)?
18
Let y = -106 - -245. Suppose 0 = 5*z + 4*d - 56 - 133, 0 = -4*z - 3*d + 152. What is the remainder when y is divided by z?
16
Suppose 0 + 5 = 5*c, d - 4*c = -1. Let x(s) = 12*s**2 - 53*s - 157. Calculate the remainder when x(-3) is divided by 21 + 3 + d/(-3).
18
Suppose 2*b - 17 = u - 3*b, 5*u - 27 = -3*b. Suppose -2*l = -4*n + u*l + 103, 5*n + l = 165. Calculate the remainder when n is divided by 7.
4
Suppose 510 = 3*q - 0*q - 2*n, 0 = -q - 5*n + 153. Let m = 182 - q. Calculate the remainder when 97 is divided by m.
13
What is the remainder when (-10204)/(-6) + -11 - 28/(-21) is divided by 6?
5
Suppose -7*s + 4*s + 141 = 0. Suppose -1 = 2*a - 1. Suppose -m - 4*k = -206, a = -m - 2*k + 235 - 39. Calculate the remainder when m is divided by s.
45
Let u = -2960 - -6451. Calculate the remainder when u is divided by 36.
35
Let g(s) be the first derivative of -s**3/3 - 41*s**2/2 - 97*s + 19. Calculate the remainder when g(-36) is divided by 42.
41
Let f = -92 + 108. Suppose -f*w + 87 - 7 = 0. Calculate the remainder when 14 is divided by w.
4
Suppose -359*g = -758*g + 10773. Suppose 6*d = d + 4575. What is the remainder when d is divided by g?
24
What is the remainder when 624 is divided by (3/(-12)*10 - -2) + 1233/6?
9
Let f be (-6)/(-5)*40/32*2. Suppose f*m - 5*m = n - 85, -2*n = m - 179. Suppose 23*s - 16*s - n = 0. What is the remainder when 25 is divided by s?
12
Let m = -3055 - -3122. Calculate the remainder when 221 is divided by m.
20
Calculate the remainder when (-3 + 14/(-3))*-3 is divided by (187/(-55))/(-7 + (-204)/(-30)).
6
Let q(m) = 45*m - 1. Let x be q(1). Let r(c) = -2*c**3 + c**2 - 5*c - 33. Let l be r(-3). Suppose -l - x = -s. Calculate the remainder when s is divided by 18.
17
Let b = 14464 - 11721. Calculate the remainder when b is divided by 67.
63
Suppose -86 = 37*p + 132 + 189. Let f be ((-2)/4)/((-1)/(-4)). What is the remainder when 30 is divided by (f + 5 + -4)*p?
8
What is the remainder when 53 is divided by (34/7 + (-72)/84)*96/8?
5
Suppose -55*s + 3465 = 50*s. What is the remainder when 1054 is divided by s?
31
Let t be (-2 - -2)/(4 - 2). Suppose 4*b - o - 95 = t, -4*o = 4*b - 27 - 73. Calculate the remainder when 4 is divided by (b/1)/3 + -4.
0
Suppose 4*q = -2*a + 3*q + 279, 0 = 4*a - 5*q - 565. Suppose -5*x + 820 = -5*c, -3*x + a + 345 = 4*c. Calculate the remainder when x is divided by 33.
31
Suppose -4*o = -22 + 2. Let c = -301 + 303. Suppose 3*y - 10 = 5, -o*u + 15 = -c*y. Calculate the remainder when 34 is divided by u.
4
Let y(g) = g + 1. Let h(t) = 32*t + 60. Let f(j) = -h(j) + 12*y(j). What is the remainder when f(-5) is divided by 11?
8
Let m = 4 - -4. Suppose m*r - 3*r - 20 = 0. Suppose 378*s - 9537 = -1599. Calculate the remainder when s is divided by r.
1
Suppose 1640 = -43*p + 53*p. Let l = p - 115. Calculate the remainder when l is divided by 26.
23
Let n(z) = z**3 + 6*z**2 + 103. Let s(b) = -6*b - 17. Calculate the remainder when n(-7) is divided by s(-6).
16
Suppose -8*d = -291 - 101. Let u = -90 + d. What is the remainder when 1*(-2)/2 - u - 3 is divided by 12?
1
Let z = -475 + 940. Let j = -557799 + 557866. What is the remainder when z is divided by j?
63
Calculate the remainder when (2585 - -37)/(1 - -1) is divided by 27.
15
Suppose -8 = -4*f - w + 66, 3*f = w + 52. Suppose -2*k = -3*k + f. Calculate the remainder when 574 is divided by k.
16
Let q = -841 + 852. Calculate the remainder when ((-3)/(3